b + 6219. Determine d(-5).
24
Let m(l) = -35*l - 21. Give m(-4).
119
Let t(c) = 52*c**2 - 50*c + 47. Give t(1).
49
Let j(f) = -17*f**2 - 390*f + 31. Give j(-23).
8
Let i(m) = 716*m + 1424. Calculate i(-2).
-8
Let o(b) = -b**3 - 50*b**2 - 57*b - 416. What is o(-49)?
-24
Let x(u) = u**2 + 2*u - 43. Determine x(10).
77
Let h(b) = b**3 - b**2 - 9*b + 53. Calculate h(0).
53
Let p(n) = -n**2 + 9*n - 13. Give p(12).
-49
Let u(h) = h**3 + 25*h**2 - 219*h - 35. Give u(7).
0
Let s(j) = -5*j**2 - 17*j - 44. Give s(-3).
-38
Let r(m) = -6*m**3 + 56*m**2 - 17*m - 15. Calculate r(9).
-6
Let m(t) = 22*t - 123. Calculate m(5).
-13
Let x(c) = -80*c - 432. What is x(-6)?
48
Let l(p) = -368*p**2 + 1790*p + 8. Give l(5).
-242
Let v(g) = -4*g**2 + 97*g - 113. Give v(23).
2
Let m(c) = 538*c + 7527. What is m(-14)?
-5
Let c(b) = -b**3 + 9*b**2 + 164*b - 22. Give c(18).
14
Let o(t) = -445*t - 10224. What is o(-23)?
11
Let r(s) = 40*s - 51. Determine r(6).
189
Let t(u) = 36*u**2 - 795*u + 39. Determine t(22).
-27
Let c(s) = s**2 + 4*s - 31. Give c(-7).
-10
Let x(m) = 10*m + 133. Give x(-27).
-137
Let r(b) = b**2 - 4*b - 120. Determine r(-4).
-88
Let c(k) = 1733*k + 6919. What is c(-4)?
-13
Let h(u) = 4*u**2 + 134*u + 23. Determine h(-33).
-43
Let y(l) = 423*l + 24. Determine y(-1).
-399
Let l(s) = -2*s**3 + 13*s**2 - 10*s + 117. Determine l(7).
-2
Let r(t) = 16*t**2 - 25*t + 80. What is r(7)?
689
Let y(i) = -369*i + 40222. Calculate y(109).
1
Let s(x) = 20*x**3 + 1262*x**2 + 122*x - 263. Determine s(-63).
-11
Let t(y) = y**2 - 32*y + 154. Calculate t(7).
-21
Let b(y) = -y**3 + 54*y**2 + 53*y + 64. Calculate b(55).
-46
Let f(j) = 133*j - 1872. Give f(14).
-10
Let j(q) = q**2 + 45*q + 253. Determine j(-32).
-163
Let m(w) = 106*w**2 - 1238*w - 8. Calculate m(12).
400
Let d(s) = -698*s + 21622. Determine d(31).
-16
Let b(k) = k**2 + 448*k + 9392. Determine b(-22).
20
Let f(w) = -10*w - 172. Give f(-33).
158
Let q(d) = -7*d**3 + 35*d**2 + 5*d + 219. Give q(6).
-3
Let g(l) = l**2 - 50*l + 408. Calculate g(40).
8
Let i(z) = 14*z - 438. Calculate i(36).
66
Let v(t) = 157*t + 934. Calculate v(-6).
-8
Let g(w) = -3*w**2 - 366*w - 8283. Give g(-92).
-3
Let a(u) = -u**2 + 63*u - 56. Calculate a(64).
-120
Let m(u) = -184*u - 717. Determine m(-4).
19
Let h(l) = l**3 + 53*l**2 + 541*l - 26. Determine h(-14).
44
Let b(m) = -m**2 - 43*m + 3058. Give b(38).
-20
Let t(f) = f**2 + 12*f - 44. Calculate t(-17).
41
Let v(g) = -g**3 + 16*g**2 + 15*g + 21. Determine v(17).
-13
Let q(s) = s**3 + 6*s**2 - 23*s - 64. Give q(-8).
-8
Let v(b) = 54*b + 68. What is v(-5)?
-202
Let d(j) = j**3 + 2*j**2 - 127*j - 649. Give d(-7).
-5
Let l(o) = 11*o**2 + 787*o - 1189. Give l(-73).
-21
Let s(c) = -471*c + 913. Determine s(2).
-29
Let n(z) = -172*z**3 - z**2 - 3*z + 4. Give n(1).
-172
Let x(w) = w**2 + 74*w + 581. Give x(-9).
-4
Let t(u) = -u**3 - 16*u**2 + 57*u + 630. Determine t(-17).
-50
Let j(s) = s**3 + 17*s**2 - 21*s + 34. Determine j(-16).
626
Let o(b) = -284*b + 11625. What is o(41)?
-19
Let v(u) = -u**2 + 25*u + 427. What is v(-17)?
-287
Let m(k) = 2*k**3 - 48*k**2 - 55*k + 80. Determine m(25).
-45
Let u(g) = g**2 - 314*g + 24657. Give u(155).
12
Let a(r) = r**3 + 13*r**2 + 31*r - 13. What is a(-7)?
64
Let d(t) = 61*t + 7493. What is d(-124)?
-71
Let t(j) = j**3 + 30*j**2 + 30*j + 46. Calculate t(-29).
17
Let d(m) = -m**2 + 144*m - 1216. Calculate d(9).
-1
Let w(d) = 23*d**2 + 3*d + 14. What is w(-3)?
212
Let f(y) = y**3 - 12*y**2 + 38*y - 291. What is f(11)?
6
Let n(a) = a + 1. Determine n(-19).
-18
Let j(g) = -g**3 - 5*g**2 + 2*g - 28. What is j(-5)?
-38
Let b(f) = 4*f**2 - 45*f + 6. Calculate b(5).
-119
Let u(p) = 22*p**2 + 82*p - 20. Give u(-4).
4
Let x(s) = 2*s**3 - 85*s**2 - 44*s + 128. Determine x(43).
85
Let c(l) = -7*l - 85. Calculate c(2).
-99
Let x(k) = 8*k**2 - 188*k + 4. Give x(19).
-680
Let m(y) = 35*y**2 + 1050*y + 35. Give m(-30).
35
Let w(p) = -9*p - 115. Determine w(-14).
11
Let j(x) = -x**3 - 19*x**2 - 41*x + 119. Give j(-16).
7
Let b(y) = 48*y + 55. Give b(0).
55
Let s(m) = -m**2 + 128*m + 1765. What is s(-16)?
-539
Let o(y) = 495*y - 29715. What is o(60)?
-15
Let z(l) = -940*l**2 - 2*l + 3. Give z(1).
-939
Let j(c) = -263*c**2 + 1839*c - 15. Determine j(7).
-29
Let l(o) = 2*o**2 + 269*o - 2887. What is l(10)?
3
Let b(d) = -8*d**2 - 13*d - 29. Calculate b(-5).
-164
Let g(o) = -3*o**2 - 59*o - 189. Determine g(-4).
-1
Let h(l) = -l**2 - 65*l + 11366. What is h(79)?
-10
Let g(k) = -k**3 - 12*k**2 + 20*k - 35. Give g(-12).
-275
Let s(p) = 3*p + 199. What is s(-13)?
160
Let l(b) = -2*b**3 + 2*b**2 + 114*b + 7. Give l(-7).
-7
Let y(i) = -2*i**3 - 8*i**2 - 64*i - 212. Calculate y(-3).
-38
Let l(a) = a**2 + 24*a + 147. Determine l(-13).
4
Let r(v) = -3*v**2 + 108*v - 882. Calculate r(12).
-18
Let l(o) = o**3 + 14*o**2 + 17*o + 3. Determine l(-12).
87
Let v(u) = -7*u - 103. What is v(4)?
-131
Let y(k) = -30*k**3 - 9*k**2 + 2*k + 6. What is y(1)?
-31
Let w(h) = -h**3 + 5*h + 141. Give w(0).
141
Let s(t) = -t**3 + 46*t**2 - 25*t + 1019. What is s(46)?
-131
Let n(w) = 7*w - 63. Calculate n(9).
0
Let k(o) = -o**2 - 8*o + 419. Determine k(17).
-6
Let f(r) = -17*r**2 + 244*r - 3. Calculate f(15).
-168
Let s(c) = -6*c**2 + 350*c + 1761. Determine s(-5).
-139
Let w(t) = 21*t - 160. Give w(10).
50
Let z(p) = p**3 + 6*p**2 - 2*p + 58. What is z(-8)?
-54
Let r(f) = -2135*f + 4. What is r(0)?
4
Let j(s) = -20*s. Determine j(0).
0
Let i(q) = -4*q**2 - 191*q + 70. Give i(-49).
-175
Let p(c) = -c**3 - 30*c**2 + 24*c - 34. What is p(-31)?
183
Let t(p) = p**3 - 5*p**2 + 37*p - 177. Calculate t(5).
8
Let u(c) = -c**2 - 53*c + 119. Determine u(2).
9
Let c(w) = 2*w**3 - 546*w**2 + 15*w - 4076. What is c(273)?
19
Let k(s) = 12*s**2 + 224*s + 441. Give k(-2).
41
Let z(g) = -9*g + 118. Determine z(19).
-53
Let c(w) = w**2 - 4865*w - 48751. Determine c(-10).
-1
Let o(x) = -1216*x**2 + 7283*x + 13. Calculate o(6).
-65
Let u(g) = g**3 + 22*g**2 - 13*g + 95. Calculate u(-23).
-135
Let h(w) = -w**3 - 33*w**2 + 167*w + 7715. Calculate h(-30).
5
Let o(j) = 9*j - 434. Give o(49).
7
Let a(k) = 92*k + 891. What is a(-8)?
155
Let g(r) = r**3 + 30*r**2 + 33*r + 8. Calculate g(-29).
-108
Let y(v) = -v**2 + 29*v - 41. Give y(28).
-13
Let a(d) = d**2 + 2*d + 104. Determine a(-8).
152
Let m(b) = -3*b**2 - 16*b - 40. Calculate m(-11).
-227
Let b(i) = -41*i**2 - 447*i + 14. Calculate b(-11).
-30
Let g(d) = -d**2 + 30*d + 61. What is g(28)?
117
Let a(q) = -38*q - 283. Determine a(-24).
629
Let j(b) = -13*b**2 + 110*b - 219. Give j(2).
-51
Let w(d) = 139*d + 1542. Calculate w(-10).
152
Let q(m) = m**3 - 31*m**2 + 131*m. Calculate q(26).
26
Let c(k) = -k**3 + k**2 + 33*k + 16. Give c(6).
34
Let v(m) = 25*m**2 + 21*m + 11. What is v(1)?
57
Let y(u) = -u**3 + 141*u**2 - 412*u - 339. Give y(138).
-63
Let c(a) = 2*a**3 + 61*a**2 - 89*a + 141. What is c(-32)?
-83
Let g(u) = 4*u + 58. What is g(7)?
86
Let t(h) = -55*h**2 - 6*h - 7. Calculate t(3).
-520
Let d(f) = -77*f + 1232. Determine d(16).
0
Let s(a) = 7*a**2 - 1110*a + 9003. Give s(150).
3
Let w(i) = -640*i**2 - 14*i + 16. Calculate w(1).
-638
Let j(r) = -164*r - 30. Give j(4).
-686
Let r(w) = -w**3 + 55*w**2 - 191*w + 45. Give r(3).
-60
Let n(s) = s**2 - 65*s + 95. What is n(62)?
-91
Let y(c) = 119*c - 1422. What is y(12)?
6
Let q(k) = -k**3 - 24*k**2 - 4*k - 38. What is q(-24)?
58
Let b(p) = p**2 + 44*p - 4738. Give b(49).
-181
Let a(l) = 3379*l + 20284. What is a(-6)?
10
Let k(w) = -w**3 - 9*w**2 - 25*w - 10. Calculate k(-4).
10
Let a(j) = 219*j**2 - 13*j - 12. Determine a(-1).
220
Let b(k) = -k**2 + 45*k - 609. Calculate b(36).
-285
Let n(v) = -34*v**2 - 4*v + 3. Calculate n(3).
-315
Let y(a) = -43*a**2 + 30*a + 6. Give y(1).
-7
Let t(i) = -7*i**2 + 244*i - 136. Determine t(32).
504
Let p(h) = 173*h - 844. Calculate p(5).
21
Let l(c) = 533*c - 2. Calculate l(1).
531
Let k(x) = -2*x**3 + 263*x**2 + 406*x - 938. Determine k(133).
-7
Let j(l) = -3*l**2 + 161. What is j(16)?
-607
Let z(s) = -100*s**3 + 4*s**2 - 99*s - 208. Calculate z(-2).
806
Let z(k) = -2*k**3 - 18*k**2 + 32*k + 127. What is z(-10)?
7
Let w(z) = -3*z**2 - 5*z - 49. Give w(-6).
-127
Let l(h) = 28*h**3 - 503*h**2 - 11*h - 113. What is l(18)?
13
Let o(u) = -2*u**3 - 12*u**2 + 177*u + 1066. Determine o(-6).
4